-3*w - 5*f = -33. Let x(v) = v**3 - 3*v**2 - 6*v + 10. What is the units digit of x(w)?
2
Let m = -105 + 117. Suppose -5*i - 5*y + 20 = 0, 0 = -2*i - 0*i + 3*y - m. Suppose i = 6*v - 2*v - 720. What is the hundreds digit of v?
1
Let v = -356 + 138. Let b = v - -61. Let m = -98 - b. What is the units digit of m?
9
Let f be (-2)/5 - (-874)/10. Suppose -3*q + 5*j = 201, -8*j + 10*j = 4*q + 268. Let u = q + f. What is the units digit of u?
0
Let c = -399 - -421. What is the units digit of c/176 - (-8239)/8?
0
Let f(z) = -z**3 + z**2 - 2*z + 611. Let k(s) = -3*s**3 + s**2 + 3*s - 1. Let l be k(1). What is the tens digit of f(l)?
1
Suppose 217*z - 10881590 = -381394. What is the thousands digit of z?
8
Let f(m) = 4419*m - 5329. What is the hundreds digit of f(8)?
0
Let c(j) = 2*j**2 + 10*j + 9. Let p be c(-4). What is the units digit of -2 + 1160/(3 + p)?
8
Let k(d) = -d**3 + 22*d**2 - 23*d + 45. Let j be k(21). Suppose -j*u = -5*n + 11, -7 = 5*u - 5*n + 8. What is the units digit of (-55)/u*4/5?
2
Let h be 1219 - (-2 - (6 - 2)). Let t = -654 + h. What is the units digit of t?
1
Let m(c) = 483*c - 4442. What is the thousands digit of m(39)?
4
What is the units digit of (90/180)/((-3)/(-40764))?
4
Suppose 0 = -b + 5*m - 50, 3*b - 45 + 275 = -m. Let c(g) = -g + 216. Let n be c(0). Let s = n + b. What is the tens digit of s?
4
Suppose -7*u + 2*u - 3*k + 13 = 0, -4*k = 4*u - 4. Suppose b - 84 = n, 5 + 0 = u*n. Let p = -39 + b. What is the units digit of p?
6
Suppose -6*q - 5*p + 246814 = 0, 5*q + 2*p = 4*q + 41138. What is the hundreds digit of q?
1
Let x be 5*(-2)/((-12)/2814). Suppose -i - 4*i = -x. What is the units digit of i?
9
Let i(m) = 6*m**2 - 588*m - 181. What is the tens digit of i(104)?
6
What is the thousands digit of (12/20*709)/(8/(-320)*-2)?
8
Let m(d) = 3*d**2 + 53*d + 9*d**2 + 10*d**2 - 18*d**2 + 0*d**2 - 5. What is the tens digit of m(-16)?
7
Let w(a) = -4*a - 27. Let u be w(-8). What is the hundreds digit of (5/u)/(4/3424)?
8
Suppose 4*h - 13 = -1. Suppose 0 = -h*t + 11 - 5. What is the tens digit of t/(-8) - 3390/(-24)?
4
Let f(w) = 19*w**2 - 96*w + 357. What is the thousands digit of f(17)?
4
Let k = -99 + -32. Let s = 352 - k. Suppose 4*a = 4, -5*v + a = -256 - s. What is the hundreds digit of v?
1
Let b(l) = l**3 - 18*l**2 + 25. Suppose 154 = 7*o - 0. What is the tens digit of b(o)?
6
Suppose -268110 - 326394 = -18*p. What is the thousands digit of p?
3
Let k(m) = 15*m**2 - 45*m - 113. What is the ten thousands digit of k(-25)?
1
Suppose 71381 = -4*c + 4*i + 357613, 5*c = 2*i + 357775. What is the ten thousands digit of c?
7
Let v be -5 - (-444)/17 - 4/34. What is the hundreds digit of ((-405)/10)/(v/(-10) + 2)?
4
Let z(f) = -39*f - 53. Suppose 10*g + 1 = -89. What is the tens digit of z(g)?
9
Let l(m) = -2*m**3 - 4*m**2 + m + 3. Let x be l(-3). Suppose 22*h - x*h - 4396 = 0. Suppose 5*n - 12*n + h = 0. What is the units digit of n?
7
Suppose 0 = 3*z - 5*t - 492, -2*t + 45 = 51. Suppose 4*i + 70 = 2. Let m = z - i. What is the tens digit of m?
7
Let n(r) = -55*r - 6. Let a be n(-5). Let x be (-9 - 122/(-14))/((-5)/35). Suppose 0 = -x*l + 6, 2*b - a = -6*l + l. What is the tens digit of b?
2
Suppose 2*c - 4 = -4*y, -4*y = 3*c - 8*c - 4. Suppose -5*w + 4*x + 1141 = c, 2*w - 4*x - x - 453 = 0. What is the hundreds digit of w?
2
Let f be 6*2*1/4. Let c(r) = 8*r**3 + 3*r**2 - 10*r. What is the units digit of c(f)?
3
Let l(z) = 18*z - 6. Let v be l(1). Let u(c) = c**3 - 11*c**2 + 9*c + 11. What is the hundreds digit of u(v)?
2
Let p = -7398 + 9438. What is the thousands digit of p?
2
Suppose 4*r = 3*s + 61456, -61488 = -22*r + 18*r - 5*s. What is the thousands digit of r?
5
Suppose 8*n - 49 = n. Suppose n*y - 478 - 4093 = 0. What is the tens digit of y?
5
Suppose -108 = -11*v + 2*v. Suppose k = -u + 170, k = -2*k + v. What is the tens digit of u?
6
Let i(c) = c**3 - 25*c**2 + 44*c + 44. Let h be i(23). What is the tens digit of (36176/102)/(h/(-3))?
3
Let o be (-4 - (0 - -1)) + 19/19. What is the tens digit of 5 + 1273/3 - o/6?
3
Let h = -245 + 215. What is the units digit of -2*(628/6)/(h/45)?
4
Let j(y) = -3*y**3 - 114*y**2 + 378*y - 108. What is the tens digit of j(-45)?
0
Let b be 1 + (-2)/8 - (-22196)/16. Let p = -754 + b. What is the tens digit of p?
3
Let m(y) = 5*y**2 + 17*y - 27. Let f be (1 - (3 - -4)) + -1. Let w(u) = -2*u**2 - 9*u + 14. Let k(d) = f*w(d) - 3*m(d). What is the units digit of k(10)?
3
Let t be (0 - (-6)/15) + (-46)/(-10). Suppose -28 = -t*c + 732. Let m = c - 75. What is the units digit of m?
7
Suppose 2 = 3*v - 13. Suppose k - m - v = -5*m, -2 = 3*k - 5*m. Suppose -21*c = -20*c - k. What is the units digit of c?
1
Let p(n) = -2*n**3 - 19*n**2 + 18*n - 1. Let t be p(-12). Suppose 0 = -d + 1001 + t. What is the thousands digit of d?
1
Let c(s) = s**3 + 102*s**2 + 64*s - 957. What is the thousands digit of c(-101)?
2
Suppose -5*c + 44 - 17 = 3*b, -2*b - 5*c = -23. Suppose -4*p + 8 = 0, q - 5*q - b*p = -1900. What is the units digit of q?
3
Let p = -1820 + 669. Let n = 1925 + p. What is the units digit of n?
4
Let o(t) = -3*t - 87. Let h(l) be the second derivative of l**3/3 + 43*l**2/2 - 8*l + 1. Let f(x) = -9*h(x) - 5*o(x). What is the units digit of f(-8)?
2
Let q(t) = -6351*t - 190. What is the units digit of q(-1)?
1
Let s = 13274 - 8476. What is the thousands digit of s?
4
Let p(k) = k**2 + 2*k - 4. Suppose o + 10 = 7. Let j be p(o). Let z(v) = 85*v**2 + 3*v. What is the units digit of z(j)?
2
Suppose 5*p - 2*p - 756 = 0. Suppose 0 = n + 3*n + p. Let g = n + 135. What is the units digit of g?
2
What is the tens digit of 10*(-6)/105 + 4058/14*3?
6
Let f = 2699 + -2512. What is the tens digit of f?
8
Suppose -643*b + 38266 = -629*b - 51194. What is the thousands digit of b?
6
Suppose 0 = 5*b + 6 - 21. Suppose -2*a = -4*v + b*a + 6, 3*a - 18 = -3*v. Suppose v*c - 6 = 42. What is the units digit of c?
2
Let j(g) = -15*g - 65. Let h(m) = 7*m + 33. Let r(x) = 13*h(x) + 6*j(x). What is the units digit of r(-29)?
0
Let g(y) = -38*y**2 - 22*y + 43. Let d(l) = -18*l**2 - 11*l + 21. Let p(o) = -7*d(o) + 3*g(o). What is the hundreds digit of p(7)?
6
Let q = -134 - -130. Let x = q - 116. Let l = -19 - x. What is the hundreds digit of l?
1
Suppose -339*d + 375*d = 61128. What is the thousands digit of d?
1
Suppose 66*x = 63*x + 1371. Suppose x = 5*b - 3253. What is the hundreds digit of b?
7
Suppose 0 = -r + 4*m + 8859, 12*r - 16*r + 2*m = -35520. What is the units digit of r?
3
Let h = 6969 - 4146. Suppose 249 = 6*w - h. What is the tens digit of w?
1
Let c = 23 + -20. Suppose q + c = 2*q. Suppose 2*d = 4*y + 110, 4*y + 216 = d + q*d. What is the units digit of d?
3
Let i = -10129 - -25318. What is the thousands digit of i?
5
What is the units digit of ((-29425761)/(-4860) - 1/12*1)*5?
3
Let o(d) be the first derivative of 7*d**4/2 - 5*d**3/3 + 7*d**2 + 19*d - 46. What is the hundreds digit of o(5)?
7
Let d(t) = -11*t**3 - 3*t**2 - 7*t + 3. Suppose -29*v + 37*v + 32 = 0. What is the units digit of d(v)?
7
Suppose 2*b - b = 0. Let n(i) = 18*i + 66 + i**2 + 8*i - 40*i + 13*i. What is the units digit of n(b)?
6
Suppose -13405*x + 4020548 = -13332*x. What is the ten thousands digit of x?
5
Let u(b) = -36*b - 27. Let j be u(-7). What is the tens digit of (-1318)/(-15) - (-30)/j?
8
What is the units digit of -2695253*(-19)/3553 + 6/(-51)?
3
Suppose -36843 - 20966 + 21467 = -18*v. What is the thousands digit of v?
2
Let a(r) = 11*r**3 + 5*r**2 + 10*r + 12. What is the units digit of a(4)?
6
What is the units digit of 309/6*(-1 + (124 - -3))?
9
Suppose t - 6 = -10, -5*h = -2*t - 1018. Let r = 389 - h. What is the units digit of r?
7
Let w(r) = 7949*r**2 - 207*r + 412. What is the ten thousands digit of w(2)?
3
Suppose 3 + 7 = -2*x - 2*p, -p + 5 = -x. Let a be 23/5 - (x - 84/(-15)). Suppose 31 + 9 = a*f. What is the units digit of f?
0
Let o = -21309 + 22347. What is the hundreds digit of o?
0
Let v = 184 + -166. Suppose 20*c - 416 = v*c. What is the units digit of c?
8
Let t = 125173 - 88809. What is the tens digit of t?
6
Let h = 190 + -180. Suppose -h*x = -5*x - 795. What is the units digit of x?
9
Let h = 30593 - -55563. What is the units digit of h?
6
Suppose -v = u + 4*v - 20, 5*u - v = 22. What is the hundreds digit